{"id":5,"date":"2016-09-06T13:55:22","date_gmt":"2016-09-06T13:55:22","guid":{"rendered":"http:\/\/bridge89.qodeinteractive.com\/?page_id=5"},"modified":"2025-04-22T13:50:22","modified_gmt":"2025-04-22T11:50:22","slug":"home","status":"publish","type":"page","link":"https:\/\/inmohabitak.com\/reformas\/","title":{"rendered":"Home"},"content":{"rendered":"<p>[vc_row css_animation=\u00bb\u00bb row_type=\u00bbrow\u00bb use_row_as_full_screen_section=\u00bbno\u00bb type=\u00bbgrid\u00bb angled_section=\u00bbno\u00bb text_align=\u00bbleft\u00bb background_image_as_pattern=\u00bbwithout_pattern\u00bb anchor=\u00bbcontacto\u00bb css=\u00bb.vc_custom_1554102188836{padding-top: 16px !important;}\u00bb z_index=\u00bb\u00bb][vc_column offset=\u00bbvc_col-lg-6 vc_col-md-6&#8243;][vc_empty_space height=\u00bb44px\u00bb][vc_empty_space height=\u00bb35px\u00bb][vc_raw_html]JTNDaWZyYW1lJTIwc3JjJTNEJTIyaHR0cHMlM0ElMkYlMkZ3d3cuZ29vZ2xlLmNvbSUyRm1hcHMlMkZlbWJlZCUzRnBiJTNEJTIxMW0xNCUyMTFtOCUyMTFtMyUyMTFkMTE2MTUuNjYzMDE5NjgzMDI1JTIxMmQtMi45ODk1NDIlMjEzZDQzLjI5NTA4NTklMjEzbTIlMjExaTEwMjQlMjEyaTc2OCUyMTRmMTMuMSUyMTNtMyUyMTFtMiUyMTFzMHgwJTI1M0EweDljMGFmOTYwOThjZmIzNDglMjEyc0hBQklUQUslMkJJbm1vYmlsaWFyaWElMjE1ZTAlMjEzbTIlMjExc2VzJTIxMnNlcyUyMTR2MTU1MzY4Njg4NTIyNSUyMiUyMHdpZHRoJTNEJTIyMTAwJTI1JTIyJTIwaGVpZ2h0JTNEJTIyNDUwJTIyJTIwZnJhbWVib3JkZXIlM0QlMjIwJTIyJTIwc3R5bGUlM0QlMjJib3JkZXIlM0EwJTNCJTIwaGVpZ2h0JTNBNTM1cHglM0IlMjIlMjBhbGxvd2Z1bGxzY3JlZW4lM0UlM0MlMkZpZnJhbWUlM0U=[\/vc_raw_html][vc_empty_space height=\u00bb42px\u00bb][\/vc_column][vc_column offset=\u00bbvc_col-lg-6 vc_col-md-6&#8243;][vc_empty_space height=\u00bb44px\u00bb]\n<div class=\"wpcf7 no-js\" id=\"wpcf7-f6-o1\" lang=\"es-ES\" dir=\"ltr\" data-wpcf7-id=\"6\">\n<div class=\"screen-reader-response\"><p role=\"status\" aria-live=\"polite\" aria-atomic=\"true\"><\/p> <ul><\/ul><\/div>\n<form action=\"\/reformas\/wp-json\/wp\/v2\/pages\/5#wpcf7-f6-o1\" method=\"post\" class=\"wpcf7-form init default wpcf7-acceptance-as-validation\" aria-label=\"Formulario de contacto\" novalidate=\"novalidate\" data-status=\"init\">\n<div style=\"display: none;\">\n<input type=\"hidden\" name=\"_wpcf7\" value=\"6\" \/>\n<input type=\"hidden\" name=\"_wpcf7_version\" value=\"6.0.6\" \/>\n<input type=\"hidden\" name=\"_wpcf7_locale\" value=\"es_ES\" \/>\n<input type=\"hidden\" name=\"_wpcf7_unit_tag\" value=\"wpcf7-f6-o1\" \/>\n<input type=\"hidden\" name=\"_wpcf7_container_post\" value=\"0\" \/>\n<input type=\"hidden\" name=\"_wpcf7_posted_data_hash\" value=\"\" \/>\n<\/div>\n<p><label> Nombre (requerido)<br \/>\n<span class=\"wpcf7-form-control-wrap\" data-name=\"your-name\"><input size=\"40\" maxlength=\"400\" class=\"wpcf7-form-control wpcf7-text wpcf7-validates-as-required\" aria-required=\"true\" aria-invalid=\"false\" value=\"\" type=\"text\" name=\"your-name\" \/><\/span> <\/label>\n<\/p>\n<p><label>Correo electr\u00f3nico (requerido)<br \/>\n<span class=\"wpcf7-form-control-wrap\" data-name=\"your-email\"><input size=\"40\" maxlength=\"400\" class=\"wpcf7-form-control wpcf7-email wpcf7-validates-as-required wpcf7-text wpcf7-validates-as-email\" aria-required=\"true\" aria-invalid=\"false\" value=\"\" type=\"email\" name=\"your-email\" \/><\/span> <\/label>\n<\/p>\n<p><label> Asunto<br \/>\n<span class=\"wpcf7-form-control-wrap\" data-name=\"your-subject\"><input size=\"40\" maxlength=\"400\" class=\"wpcf7-form-control wpcf7-text\" aria-invalid=\"false\" value=\"\" type=\"text\" name=\"your-subject\" \/><\/span> <\/label>\n<\/p>\n<p><label>Mensaje<br \/>\n<span class=\"wpcf7-form-control-wrap\" data-name=\"your-message\"><textarea cols=\"40\" rows=\"10\" maxlength=\"2000\" class=\"wpcf7-form-control wpcf7-textarea\" aria-invalid=\"false\" name=\"your-message\"><\/textarea><\/span> <\/label>\n<\/p>\n<p><span class=\"wpcf7-form-control-wrap\" data-name=\"acceptance-748\"><span class=\"wpcf7-form-control wpcf7-acceptance\"><span class=\"wpcf7-list-item\"><label><input type=\"checkbox\" name=\"acceptance-748\" value=\"1\" aria-invalid=\"false\" \/><span class=\"wpcf7-list-item-label\">He le\u00eddo y acepto <a href=\"https:\/\/inmohabitak.com\/politica-privacidad\/\" target=\"_blank\">la pol\u00edtica de privacidad<\/a><\/span><\/label><\/span><\/span><\/span>\n<\/p>\n<p><input class=\"wpcf7-form-control wpcf7-submit has-spinner\" type=\"submit\" value=\"Enviar\" \/>\n<\/p><div class=\"wpcf7-response-output\" aria-hidden=\"true\"><\/div>\n<\/form>\n<\/div>\n[vc_empty_space height=\u00bb50px\u00bb][\/vc_column][\/vc_row][vc_row css_animation=\u00bb\u00bb row_type=\u00bbrow\u00bb use_row_as_full_screen_section=\u00bbno\u00bb type=\u00bbfull_width\u00bb angled_section=\u00bbno\u00bb text_align=\u00bbcenter\u00bb background_image_as_pattern=\u00bbwithout_pattern\u00bb css=\u00bb.vc_custom_1553859733521{background-image: url(https:\/\/inmohabitak.com\/reformas\/wp-content\/uploads\/2019\/03\/footer-image-web.jpg?id=232) !important;}\u00bb z_index=\u00bb\u00bb][vc_column css=\u00bb.vc_custom_1491835335390{padding-top: 10.4% !important;padding-bottom: 9.6% !important;}\u00bb][vc_column_text]<\/p>\n<h3 style=\"font-size: 100px;\"><span style=\"color: #ffffff;\">Habitak.es<\/span><\/h3>\n<p>[\/vc_column_text][vc_empty_space height=\u00bb44px\u00bb]<span data-type=\"square\" data-hover-bg-color=\"#f7f7f7\" data-hover-icon-color=\"#303030\" class=\"qode_icon_shortcode fa-stack q_font_awsome_icon_square fa-lg  \" style=\"background-color: #ffffff;border: 0;margin: 0 5px 0 0;font-size: 14px;font-size: 25px;border-radius: 2px; \"><a   itemprop=\"url\" href=\"https:\/\/twitter.com\/\" target=\"_blank\"><span aria-hidden=\"true\" class=\"qode_icon_font_elegant social_twitter qode_icon_element\" style=\"font-size: 14px;color: #303030;\" ><\/span><\/a><\/span><span data-type=\"square\" data-hover-bg-color=\"#f7f7f7\" data-hover-icon-color=\"#303030\" class=\"qode_icon_shortcode fa-stack q_font_awsome_icon_square fa-lg  \" style=\"background-color: #ffffff;border: 0;margin: 0 5px 0 0;font-size: 14px;font-size: 25px;border-radius: 2px; \"><a   itemprop=\"url\" href=\"https:\/\/instagram.com\/\" target=\"_blank\"><span aria-hidden=\"true\" class=\"qode_icon_font_elegant social_instagram qode_icon_element\" style=\"font-size: 14px;color: #303030;\" ><\/span><\/a><\/span><span data-type=\"square\" data-hover-bg-color=\"#f7f7f7\" data-hover-icon-color=\"#303030\" class=\"qode_icon_shortcode fa-stack q_font_awsome_icon_square fa-lg  \" style=\"background-color: #ffffff;border: 0;margin: 0 5px 0 0;font-size: 14px;font-size: 25px;border-radius: 2px; \"><a   itemprop=\"url\" href=\"https:\/\/facebook.com\/\" target=\"_blank\"><span aria-hidden=\"true\" class=\"qode_icon_font_elegant social_facebook qode_icon_element\" style=\"font-size: 14px;color: #303030;\" ><\/span><\/a><\/span>[\/vc_column][\/vc_row]<\/p>\n","protected":false},"excerpt":{"rendered":"<p>[vc_row css_animation=\u00bb\u00bb row_type=\u00bbrow\u00bb use_row_as_full_screen_section=\u00bbno\u00bb type=\u00bbgrid\u00bb angled_section=\u00bbno\u00bb text_align=\u00bbleft\u00bb background_image_as_pattern=\u00bbwithout_pattern\u00bb anchor=\u00bbcontacto\u00bb css=\u00bb.vc_custom_1554102188836{padding-top: 16px !important;}\u00bb z_index=\u00bb\u00bb][vc_column offset=\u00bbvc_col-lg-6 vc_col-md-6&#8243;][vc_empty_space height=\u00bb44px\u00bb][vc_empty_space height=\u00bb35px\u00bb][vc_raw_html]JTNDaWZyYW1lJTIwc3JjJTNEJTIyaHR0cHMlM0ElMkYlMkZ3d3cuZ29vZ2xlLmNvbSUyRm1hcHMlMkZlbWJlZCUzRnBiJTNEJTIxMW0xNCUyMTFtOCUyMTFtMyUyMTFkMTE2MTUuNjYzMDE5NjgzMDI1JTIxMmQtMi45ODk1NDIlMjEzZDQzLjI5NTA4NTklMjEzbTIlMjExaTEwMjQlMjEyaTc2OCUyMTRmMTMuMSUyMTNtMyUyMTFtMiUyMTFzMHgwJTI1M0EweDljMGFmOTYwOThjZmIzNDglMjEyc0hBQklUQUslMkJJbm1vYmlsaWFyaWElMjE1ZTAlMjEzbTIlMjExc2VzJTIxMnNlcyUyMTR2MTU1MzY4Njg4NTIyNSUyMiUyMHdpZHRoJTNEJTIyMTAwJTI1JTIyJTIwaGVpZ2h0JTNEJTIyNDUwJTIyJTIwZnJhbWVib3JkZXIlM0QlMjIwJTIyJTIwc3R5bGUlM0QlMjJib3JkZXIlM0EwJTNCJTIwaGVpZ2h0JTNBNTM1cHglM0IlMjIlMjBhbGxvd2Z1bGxzY3JlZW4lM0UlM0MlMkZpZnJhbWUlM0U=[\/vc_raw_html][vc_empty_space height=\u00bb42px\u00bb][\/vc_column][vc_column offset=\u00bbvc_col-lg-6 vc_col-md-6&#8243;][vc_empty_space height=\u00bb44px\u00bb][vc_empty_space height=\u00bb50px\u00bb][\/vc_column][\/vc_row][vc_row css_animation=\u00bb\u00bb row_type=\u00bbrow\u00bb use_row_as_full_screen_section=\u00bbno\u00bb type=\u00bbfull_width\u00bb angled_section=\u00bbno\u00bb text_align=\u00bbcenter\u00bb background_image_as_pattern=\u00bbwithout_pattern\u00bb css=\u00bb.vc_custom_1553859733521{background-image: url(https:\/\/inmohabitak.com\/reformas\/wp-content\/uploads\/2019\/03\/footer-image-web.jpg?id=232) !important;}\u00bb z_index=\u00bb\u00bb][vc_column css=\u00bb.vc_custom_1491835335390{padding-top: 10.4% !important;padding-bottom: 9.6% !important;}\u00bb][vc_column_text] Habitak.es [\/vc_column_text][vc_empty_space height=\u00bb44px\u00bb][\/vc_column][\/vc_row]<\/p>\n","protected":false},"author":3,"featured_media":0,"parent":0,"menu_order":0,"comment_status":"closed","ping_status":"closed","template":"full_width.php","meta":{"_joinchat":[],"footnotes":""},"class_list":["post-5","page","type-page","status-publish","hentry"],"yoast_head":"<!-- This site is optimized with the Yoast SEO plugin v24.9 - https:\/\/yoast.com\/wordpress\/plugins\/seo\/ -->\n<title>Reformas integrales Bilbao | Reformas de cocina y ba\u00f1o en Barakaldo<\/title>\n<meta name=\"description\" content=\"Reformas integrales en Bilbao. Reforma de cocina o ba\u00f1o, en Inmohabitak te ofrecemos el servicio m\u00e1s profesional. Pide presupuesto SIN COMPROMISO.\" \/>\n<meta name=\"robots\" content=\"index, follow, max-snippet:-1, max-image-preview:large, max-video-preview:-1\" \/>\n<link rel=\"canonical\" href=\"https:\/\/inmohabitak.com\/reformas\/\" \/>\n<meta property=\"og:locale\" content=\"es_ES\" \/>\n<meta property=\"og:type\" content=\"article\" \/>\n<meta property=\"og:title\" content=\"Reformas integrales Bilbao | Reformas de cocina y ba\u00f1o en Barakaldo\" \/>\n<meta property=\"og:description\" content=\"Reformas integrales en Bilbao. Reforma de cocina o ba\u00f1o, en Inmohabitak te ofrecemos el servicio m\u00e1s profesional. Pide presupuesto SIN COMPROMISO.\" \/>\n<meta property=\"og:url\" content=\"https:\/\/inmohabitak.com\/reformas\/\" \/>\n<meta property=\"og:site_name\" content=\"Refomas Habitak\" \/>\n<meta property=\"article:modified_time\" content=\"2025-04-22T11:50:22+00:00\" \/>\n<meta name=\"twitter:card\" content=\"summary_large_image\" \/>\n<meta name=\"twitter:label1\" content=\"Tiempo de lectura\" \/>\n\t<meta name=\"twitter:data1\" content=\"1 minuto\" \/>\n<script type=\"application\/ld+json\" class=\"yoast-schema-graph\">{\"@context\":\"https:\/\/schema.org\",\"@graph\":[{\"@type\":\"WebPage\",\"@id\":\"https:\/\/inmohabitak.com\/reformas\/\",\"url\":\"https:\/\/inmohabitak.com\/reformas\/\",\"name\":\"Reformas integrales Bilbao | Reformas de cocina y ba\u00f1o en Barakaldo\",\"isPartOf\":{\"@id\":\"https:\/\/inmohabitak.com\/reformas\/#website\"},\"datePublished\":\"2016-09-06T13:55:22+00:00\",\"dateModified\":\"2025-04-22T11:50:22+00:00\",\"description\":\"Reformas integrales en Bilbao. Reforma de cocina o ba\u00f1o, en Inmohabitak te ofrecemos el servicio m\u00e1s profesional. Pide presupuesto SIN COMPROMISO.\",\"breadcrumb\":{\"@id\":\"https:\/\/inmohabitak.com\/reformas\/#breadcrumb\"},\"inLanguage\":\"es\",\"potentialAction\":[{\"@type\":\"ReadAction\",\"target\":[\"https:\/\/inmohabitak.com\/reformas\/\"]}]},{\"@type\":\"BreadcrumbList\",\"@id\":\"https:\/\/inmohabitak.com\/reformas\/#breadcrumb\",\"itemListElement\":[{\"@type\":\"ListItem\",\"position\":1,\"name\":\"Portada\",\"item\":\"https:\/\/inmohabitak.com\/reformas\/\"},{\"@type\":\"ListItem\",\"position\":2,\"name\":\"Home\"}]},{\"@type\":\"WebSite\",\"@id\":\"https:\/\/inmohabitak.com\/reformas\/#website\",\"url\":\"https:\/\/inmohabitak.com\/reformas\/\",\"name\":\"Refomas Habitak\",\"description\":\"Reformas Integrales en Barakaldo\",\"potentialAction\":[{\"@type\":\"SearchAction\",\"target\":{\"@type\":\"EntryPoint\",\"urlTemplate\":\"https:\/\/inmohabitak.com\/reformas\/?s={search_term_string}\"},\"query-input\":{\"@type\":\"PropertyValueSpecification\",\"valueRequired\":true,\"valueName\":\"search_term_string\"}}],\"inLanguage\":\"es\"}]}<\/script>\n<!-- \/ Yoast SEO plugin. -->","yoast_head_json":{"title":"Reformas integrales Bilbao | Reformas de cocina y ba\u00f1o en Barakaldo","description":"Reformas integrales en Bilbao. Reforma de cocina o ba\u00f1o, en Inmohabitak te ofrecemos el servicio m\u00e1s profesional. Pide presupuesto SIN COMPROMISO.","robots":{"index":"index","follow":"follow","max-snippet":"max-snippet:-1","max-image-preview":"max-image-preview:large","max-video-preview":"max-video-preview:-1"},"canonical":"https:\/\/inmohabitak.com\/reformas\/","og_locale":"es_ES","og_type":"article","og_title":"Reformas integrales Bilbao | Reformas de cocina y ba\u00f1o en Barakaldo","og_description":"Reformas integrales en Bilbao. Reforma de cocina o ba\u00f1o, en Inmohabitak te ofrecemos el servicio m\u00e1s profesional. Pide presupuesto SIN COMPROMISO.","og_url":"https:\/\/inmohabitak.com\/reformas\/","og_site_name":"Refomas Habitak","article_modified_time":"2025-04-22T11:50:22+00:00","twitter_card":"summary_large_image","twitter_misc":{"Tiempo de lectura":"1 minuto"},"schema":{"@context":"https:\/\/schema.org","@graph":[{"@type":"WebPage","@id":"https:\/\/inmohabitak.com\/reformas\/","url":"https:\/\/inmohabitak.com\/reformas\/","name":"Reformas integrales Bilbao | Reformas de cocina y ba\u00f1o en Barakaldo","isPartOf":{"@id":"https:\/\/inmohabitak.com\/reformas\/#website"},"datePublished":"2016-09-06T13:55:22+00:00","dateModified":"2025-04-22T11:50:22+00:00","description":"Reformas integrales en Bilbao. Reforma de cocina o ba\u00f1o, en Inmohabitak te ofrecemos el servicio m\u00e1s profesional. Pide presupuesto SIN COMPROMISO.","breadcrumb":{"@id":"https:\/\/inmohabitak.com\/reformas\/#breadcrumb"},"inLanguage":"es","potentialAction":[{"@type":"ReadAction","target":["https:\/\/inmohabitak.com\/reformas\/"]}]},{"@type":"BreadcrumbList","@id":"https:\/\/inmohabitak.com\/reformas\/#breadcrumb","itemListElement":[{"@type":"ListItem","position":1,"name":"Portada","item":"https:\/\/inmohabitak.com\/reformas\/"},{"@type":"ListItem","position":2,"name":"Home"}]},{"@type":"WebSite","@id":"https:\/\/inmohabitak.com\/reformas\/#website","url":"https:\/\/inmohabitak.com\/reformas\/","name":"Refomas Habitak","description":"Reformas Integrales en Barakaldo","potentialAction":[{"@type":"SearchAction","target":{"@type":"EntryPoint","urlTemplate":"https:\/\/inmohabitak.com\/reformas\/?s={search_term_string}"},"query-input":{"@type":"PropertyValueSpecification","valueRequired":true,"valueName":"search_term_string"}}],"inLanguage":"es"}]}},"_links":{"self":[{"href":"https:\/\/inmohabitak.com\/reformas\/wp-json\/wp\/v2\/pages\/5"}],"collection":[{"href":"https:\/\/inmohabitak.com\/reformas\/wp-json\/wp\/v2\/pages"}],"about":[{"href":"https:\/\/inmohabitak.com\/reformas\/wp-json\/wp\/v2\/types\/page"}],"author":[{"embeddable":true,"href":"https:\/\/inmohabitak.com\/reformas\/wp-json\/wp\/v2\/users\/3"}],"replies":[{"embeddable":true,"href":"https:\/\/inmohabitak.com\/reformas\/wp-json\/wp\/v2\/comments?post=5"}],"version-history":[{"count":116,"href":"https:\/\/inmohabitak.com\/reformas\/wp-json\/wp\/v2\/pages\/5\/revisions"}],"predecessor-version":[{"id":412,"href":"https:\/\/inmohabitak.com\/reformas\/wp-json\/wp\/v2\/pages\/5\/revisions\/412"}],"wp:attachment":[{"href":"https:\/\/inmohabitak.com\/reformas\/wp-json\/wp\/v2\/media?parent=5"}],"curies":[{"name":"wp","href":"https:\/\/api.w.org\/{rel}","templated":true}]}}